common divisor of 244 and 4?
4
Calculate the highest common factor of 20 and 540.
20
Calculate the greatest common divisor of 102 and 34.
34
What is the greatest common factor of 10585 and 29?
29
What is the highest common divisor of 8402 and 2?
2
Calculate the greatest common factor of 34 and 17.
17
Calculate the highest common factor of 69 and 161.
23
What is the highest common divisor of 68 and 4?
4
What is the greatest common divisor of 19 and 171?
19
Calculate the greatest common factor of 75 and 375.
75
Calculate the greatest common factor of 915 and 40.
5
Calculate the highest common factor of 1044 and 324.
36
Calculate the greatest common factor of 52 and 3107.
13
What is the highest common divisor of 77 and 154?
77
Calculate the greatest common divisor of 8 and 9.
1
Calculate the highest common factor of 4732 and 104.
52
Calculate the highest common factor of 22197 and 147.
147
What is the greatest common divisor of 195 and 52?
13
Calculate the highest common divisor of 28 and 553.
7
What is the greatest common divisor of 560 and 80?
80
What is the greatest common divisor of 52 and 262?
2
What is the greatest common divisor of 12 and 46?
2
Calculate the highest common divisor of 4510 and 440.
110
What is the highest common divisor of 1260 and 204?
12
Calculate the greatest common factor of 320 and 512.
64
Calculate the greatest common divisor of 1276 and 176.
44
Calculate the highest common divisor of 171 and 9006.
57
Calculate the highest common factor of 388 and 32.
4
What is the highest common divisor of 153 and 17?
17
What is the highest common factor of 46 and 1702?
46
Calculate the highest common factor of 51 and 3213.
51
Calculate the highest common divisor of 13 and 273.
13
Calculate the highest common divisor of 208 and 52.
52
Calculate the highest common factor of 23 and 943.
23
What is the greatest common divisor of 38 and 4294?
38
What is the greatest common divisor of 105 and 609?
21
Calculate the greatest common divisor of 2989 and 61.
61
What is the greatest common divisor of 60 and 32?
4
What is the highest common divisor of 1593 and 59?
59
Calculate the highest common divisor of 6 and 1986.
6
Calculate the highest common divisor of 533 and 13.
13
Calculate the greatest common divisor of 40 and 1270.
10
Calculate the greatest common divisor of 10241 and 38.
19
Calculate the highest common divisor of 308 and 28.
28
What is the highest common factor of 66 and 1892?
22
What is the greatest common divisor of 73 and 4?
1
What is the highest common factor of 92 and 92?
92
What is the greatest common divisor of 459 and 425?
17
Calculate the highest common factor of 328 and 41.
41
What is the highest common divisor of 858 and 330?
66
What is the greatest common divisor of 39 and 65091?
39
What is the highest common divisor of 205 and 10?
5
What is the greatest common factor of 9 and 144?
9
What is the highest common divisor of 2 and 3404?
2
What is the greatest common divisor of 290 and 11745?
145
Calculate the greatest common factor of 320 and 20000.
160
What is the greatest common divisor of 57 and 3781?
19
Calculate the highest common factor of 532 and 2508.
76
Calculate the greatest common divisor of 7 and 133.
7
Calculate the greatest common factor of 7049 and 133.
133
What is the highest common divisor of 21 and 63?
21
What is the greatest common factor of 64 and 6784?
64
What is the greatest common factor of 456 and 95?
19
Calculate the greatest common divisor of 3 and 543.
3
What is the greatest common factor of 1208 and 24?
8
Calculate the highest common divisor of 3288 and 24.
24
Calculate the highest common divisor of 1162 and 28.
14
Calculate the highest common factor of 122 and 1098.
122
What is the greatest common factor of 4 and 9516?
4
What is the highest common divisor of 7 and 161?
7
Calculate the highest common factor of 86 and 129.
43
Calculate the highest common divisor of 80 and 170.
10
What is the greatest common factor of 13 and 143?
13
What is the highest common factor of 31 and 589?
31
What is the highest common factor of 63 and 105?
21
What is the greatest common factor of 160 and 280?
40
Calculate the greatest common divisor of 9 and 19044.
9
What is the highest common divisor of 7 and 3437?
7
Calculate the highest common divisor of 23 and 3013.
23
What is the greatest common factor of 13 and 5525?
13
What is the greatest common divisor of 13 and 247?
13
Calculate the greatest common factor of 147 and 3577.
49
What is the highest common factor of 8775 and 45?
45
What is the highest common divisor of 4 and 326?
2
What is the greatest common factor of 174 and 957?
87
What is the highest common divisor of 41 and 164?
41
Calculate the greatest common factor of 189 and 108.
27
Calculate the highest common divisor of 35 and 595.
35
What is the highest common divisor of 736 and 414?
46
Calculate the highest common divisor of 154 and 3707.
11
Calculate the greatest common factor of 98 and 28.
14
Calculate the greatest common factor of 22055 and 55.
55
Calculate the greatest common divisor of 273 and 4992.
39
Calculate the greatest common factor of 1767 and 114.
57
What is the greatest common divisor of 12 and 96?
12
What is the highest common divisor of 34 and 2567?
17
What is the greatest common divisor of 9 and 72?
9
Calculate the highest common factor of 7181 and 501.
167
Calculate the highest common divisor of 5915 and 65.
65
Calculate the highest common factor of 7 and 10367.
7
What is the greatest common factor of 255 and 204?
51
What is the highest common factor of 1474 and 22?
22
What is the greatest common factor of 3182 and 86?
86
What is the highest common divisor of 3799 and 262?
131
Calculate the highest common factor of 44 and 16.
4
Calculate the greatest common divisor of 33 and 66.
33
Calculate the greatest common factor of 24 and 20.
4
Calculate the greatest common factor of 36 and 1926.
18
What is the highest common factor of 638 and 174?
58
What is the highest common factor of 327 and 218?
109
What is the highest common divisor of 629 and 34?
17
Calculate the greatest common factor of 851 and 185.
37
What is the highest common factor of 3205 and 5?
5
What is the greatest common factor of 321 and 3?
3
Calculate the greatest common factor of 51 and 1513.
17
Calculate the highest common factor of 855 and 722.
19
Calculate the highest common divisor of 71219 and 311.
311
Calculate the greatest common factor of 22 and 10417.
11
Calculate the greatest common divisor of 234 and 3627.
117
Calculate the greatest common factor of 2 and 212.
2
What is the highest common factor of 168 and 105?
21
Calculate the greatest common divisor of 27 and 297.
27
What is the highest common divisor of 37 and 37?
37
What is the greatest common factor of 60 and 192?
12
Calculate the greatest common factor of 82 and 6888.
82
What is the greatest common factor of 291 and 24?
3
What is the highest common divisor of 1037 and 884?
17
What is the greatest common divisor of 5292 and 112?
28
What is the highest common divisor of 351 and 39?
39
What is the greatest common divisor of 10 and 1160?
10
What is the greatest common divisor of 44 and 1760?
44
Calculate the greatest common divisor of 28 and 56.
28
Calculate the highest common factor of 1005 and 2211.
201
Calculate the highest common factor of 99 and 22.
11
Calculate the greatest common factor of 147 and 84.
21
What is the highest common divisor of 1744 and 16?
16
Calculate the highest common factor of 112 and 63.
7
What is the highest common divisor of 336 and 2928?
48
Calculate the greatest common factor of 271 and 9.
1
What is the greatest common divisor of 1102 and 174?
58
Calculate the highest common divisor of 21 and 602.
7
Calculate the greatest common factor of 286 and 22.
22
What is the highest common factor of 82 and 61582?
82
What is the greatest common divisor of 288 and 2048?
32
What is the greatest common factor of 29 and 29?
29
What is the greatest common factor of 8211 and 69?
69
What is the greatest common divisor of 2368 and 64?
64
What is the highest common factor of 9 and 1773?
9
What is the greatest common factor of 19 and 152?
19
What is the greatest common factor of 444 and 12284?
148
What is the highest common divisor of 246 and 12?
6
Wh